7.
31
Calculate the greatest common factor of 54 and 18.
18
Calculate the highest common divisor of 11573 and 71.
71
Calculate the greatest common factor of 11 and 15488.
11
What is the greatest common factor of 575 and 5520?
115
Calculate the highest common divisor of 38 and 4.
2
Calculate the highest common divisor of 54 and 5562.
54
Calculate the highest common divisor of 6768 and 216.
72
Calculate the greatest common divisor of 64 and 1024.
64
What is the highest common factor of 180 and 144?
36
What is the greatest common divisor of 405 and 27?
27
Calculate the greatest common factor of 110 and 4210.
10
Calculate the highest common factor of 120 and 30.
30
Calculate the highest common factor of 261 and 9.
9
Calculate the greatest common divisor of 31 and 403.
31
What is the greatest common factor of 2596 and 44?
44
What is the highest common factor of 165 and 132?
33
Calculate the greatest common divisor of 234 and 36.
18
What is the greatest common factor of 585 and 455?
65
Calculate the greatest common divisor of 20 and 480.
20
Calculate the greatest common factor of 100 and 11.
1
Calculate the greatest common divisor of 60 and 372.
12
What is the greatest common factor of 730 and 10?
10
What is the highest common factor of 636 and 4876?
212
What is the highest common divisor of 29 and 23983?
29
Calculate the highest common divisor of 27 and 27.
27
Calculate the greatest common divisor of 288 and 18.
18
Calculate the greatest common factor of 1161 and 216.
27
Calculate the greatest common divisor of 2375 and 38.
19
Calculate the greatest common divisor of 7572 and 12.
12
Calculate the highest common divisor of 1717 and 303.
101
What is the greatest common factor of 256 and 192?
64
Calculate the greatest common divisor of 432 and 9126.
54
What is the highest common factor of 291 and 485?
97
What is the highest common factor of 10 and 40?
10
Calculate the greatest common factor of 228 and 456.
228
What is the greatest common divisor of 637 and 49?
49
Calculate the greatest common factor of 25 and 225.
25
Calculate the highest common divisor of 501 and 9.
3
Calculate the highest common factor of 460 and 2.
2
Calculate the greatest common factor of 324 and 96.
12
What is the greatest common factor of 1024 and 16?
16
Calculate the greatest common factor of 1358 and 217.
7
What is the greatest common factor of 160 and 1880?
40
What is the greatest common factor of 121 and 1782?
11
Calculate the greatest common factor of 4240 and 80.
80
What is the highest common factor of 40 and 1168?
8
Calculate the highest common factor of 451 and 16441.
41
What is the highest common divisor of 2592 and 16?
16
What is the greatest common factor of 51 and 111?
3
What is the highest common factor of 530 and 318?
106
Calculate the highest common factor of 43 and 301.
43
What is the greatest common factor of 1092 and 66?
6
What is the greatest common factor of 96 and 336?
48
What is the highest common divisor of 20 and 15?
5
What is the highest common factor of 228 and 399?
57
What is the greatest common divisor of 38 and 95?
19
What is the greatest common factor of 8 and 968?
8
What is the greatest common factor of 712 and 3382?
178
Calculate the highest common factor of 216 and 32.
8
Calculate the highest common divisor of 81 and 2187.
81
What is the greatest common factor of 3193 and 412?
103
What is the greatest common divisor of 2040 and 72?
24
What is the highest common factor of 22 and 286?
22
What is the greatest common divisor of 14 and 2947?
7
What is the highest common divisor of 1287 and 1144?
143
What is the greatest common divisor of 58 and 145?
29
Calculate the highest common divisor of 71 and 11573.
71
What is the greatest common factor of 40 and 216?
8
What is the highest common divisor of 18704 and 112?
112
Calculate the highest common factor of 4141 and 505.
101
What is the highest common divisor of 39 and 299?
13
What is the highest common factor of 56 and 119?
7
Calculate the greatest common divisor of 629 and 111.
37
Calculate the greatest common divisor of 2317 and 14.
7
Calculate the greatest common divisor of 325 and 13.
13
What is the highest common divisor of 508 and 36?
4
Calculate the greatest common factor of 6 and 6.
6
What is the highest common divisor of 11 and 473?
11
What is the highest common factor of 79 and 711?
79
Calculate the greatest common factor of 273 and 247.
13
What is the highest common factor of 46 and 1058?
46
What is the highest common divisor of 150 and 12?
6
What is the greatest common factor of 615 and 41?
41
What is the highest common factor of 33 and 759?
33
What is the greatest common divisor of 1768 and 104?
104
What is the greatest common factor of 21 and 6636?
21
What is the greatest common factor of 1029 and 273?
21
Calculate the highest common factor of 408 and 459.
51
What is the highest common factor of 168 and 40?
8
Calculate the highest common divisor of 12 and 354.
6
What is the highest common divisor of 112 and 77?
7
What is the highest common factor of 10 and 53810?
10
Calculate the greatest common divisor of 245 and 10.
5
What is the greatest common divisor of 133 and 14?
7
Calculate the highest common divisor of 141 and 129.
3
What is the greatest common divisor of 28 and 182?
14
Calculate the highest common divisor of 672 and 210.
42
What is the highest common factor of 385 and 154?
77
What is the highest common divisor of 1490 and 50?
10
Calculate the highest common divisor of 64 and 192.
64
What is the greatest common divisor of 28 and 84?
28
Calculate the highest common factor of 153 and 187.
17
What is the greatest common divisor of 4966 and 78?
26
Calculate the highest common divisor of 195 and 15.
15
Calculate the highest common factor of 16498 and 146.
146
Calculate the highest common divisor of 13 and 7891.
13
Calculate the greatest common factor of 381 and 103251.
381
What is the highest common factor of 18 and 603?
9
What is the highest common factor of 34 and 124?
2
Calculate the greatest common factor of 26 and 43693.
13
What is the highest common factor of 5150 and 103?
103
Calculate the highest common divisor of 75 and 22800.
75
What is the greatest common factor of 543 and 9?
3
Calculate the highest common factor of 13 and 1157.
13
What is the highest common divisor of 236 and 5723?
59
What is the greatest common factor of 763 and 7?
7
What is the greatest common factor of 4 and 3844?
4
What is the greatest common divisor of 42 and 1750?
14
What is the greatest common divisor of 6681 and 1965?
393
Calculate the highest common divisor of 810 and 10.
10
Calculate the highest common divisor of 1524 and 36.
12
Calculate the greatest common factor of 663 and 5.
1
What is the highest common factor of 1377 and 18?
9
What is the highest common divisor of 14 and 182?
14
Calculate the highest common factor of 11 and 1727.
11
Calculate the greatest common divisor of 1036 and 56.
28
What is the highest common factor of 2793 and 441?
147
What is the greatest common factor of 368 and 16?
16
What is the greatest common factor of 27 and 36?
9
Calculate the greatest common factor of 132 and 11.
11
What is the highest common divisor of 741 and 156?
39
Calculate the greatest common factor of 65 and 52.
13
What is the greatest common divisor of 3663 and 297?
99
Calculate the greatest common factor of 67 and 1.
1
What is the greatest common divisor of 108 and 12?
12
Calculate the highest common factor of 170 and 10.
10
What is the greatest common factor of 96 and 60?
12
What is the greatest common factor of 15 and 375?
15
What is the highest common divisor of 3 and 75?
3
What is the greatest common factor of 21 and 609?
21
What is the greatest common factor of 35 and 15?
5
Calculate the highest common factor of 1863 and 69.
69
Calculate the greatest common factor of 54 and 432.
54
Calculate the highest common factor of 357 and 89607.
357
What is the greatest common factor of 18167 and 74?
37
Calculate the highest common divisor of 247 and 39.
13
Calculate the highest common divisor of 54 and 252.
18
Calculate the highest common factor of 4 and 269.
1
Calculate the highest common factor of 186 and 310.
62
Calculate the highest common divisor of 108 and 56.
4
What is the highest common divisor